Is k a prime number?
False
Let u = -1 + 4. Suppose 2 = 5*n - u, -w + 118 = -n. Is w a prime number?
False
Let g be 16/(-56) - (-2648)/7. Suppose h + 4*d = 149, -85 = 2*h + 3*d - g. Suppose c + 0*c = h. Is c a prime number?
False
Suppose -5*r + 0 = 15. Is 1*(-2 - r)*211 a composite number?
False
Let a be (36/(-30))/(3/(-30)). Let y = 14 - a. Is ((-391)/(-1))/(y + -1) a composite number?
True
Let r = 37536 - 493. Suppose 0 = -6*o + o - m + 37059, -5*o + 3*m = -r. Is o prime?
True
Let v = 7028 - -3341. Is v composite?
False
Let z(s) = s**2 + 3*s + 5. Let u be z(0). Suppose 5*t = -u*b + 7710, -5*b + 3*t - 4*t + 7714 = 0. Is b a prime number?
True
Let k(d) = 3*d**2 + 880 - 75 - 4*d**2 + 2*d - 68. Let z be k(0). Suppose u = z - 58. Is u a composite number?
True
Let g be (-6)/(2 + -7 + 3). Let r(d) = -5*d - 63*d**3 + 64*d**g + 2*d + 3. Is r(5) composite?
False
Suppose 0 = -3*i + 2*n + 41663, 4*i + 16*n - 55579 = 13*n. Is i prime?
False
Suppose 3*d + 25 = 5*k, 4*d - 5*d - 5 = 0. Suppose 3*g - k*v - 425 = 0, 4*g + v + 257 - 809 = 0. Is g composite?
False
Let j(b) = 10272*b - 11. Is j(1) a composite number?
True
Suppose 0 = 5*k - 4*c - 34092 - 31681, -2*c - 26308 = -2*k. Is k composite?
True
Let h(z) = 61*z + 11. Let t(g) = -183*g - 32. Let k(m) = -17*h(m) - 6*t(m). Is k(2) a prime number?
True
Let r = -2 + 1. Let n(w) = -10*w**2 + 1. Let u be n(r). Is (-4)/6 - 1671/u composite?
True
Suppose 3*p + 5986 = t, -3*t + 10*p = 7*p - 17928. Is t composite?
True
Let z = 174 + -394. Let w = z + 969. Is w a composite number?
True
Is 3/((-81)/(-81291)) - 2/(-9) prime?
True
Is -2*1/10 - (-20172)/10 a composite number?
False
Let q be (336/(-20))/7 - 4/(-10). Let n(z) = 3*z. Let v be n(2). Is (q/3)/(v/(-5679)) prime?
True
Let n = 11333 + 6939. Suppose -n = -4*m - 2*v, -m - m + 9144 = 5*v. Is m composite?
False
Let k = -22 + 276. Suppose 4*f - 2297 = -5*t, -k - 654 = -2*t + 2*f. Is t composite?
False
Suppose -5*s - 3*r + 14278 = 0, r + 2288 + 566 = s. Is s prime?
False
Let u be (-2)/10 - 822/(-10). Suppose -2*j = u - 350. Is j a prime number?
False
Suppose 4*y - 5*y = y. Suppose y = 4*a - 4330 - 4074. Is a a prime number?
False
Let m(w) = 36*w**2 - 4*w - 30. Is m(-19) prime?
False
Let f = -15 + -12. Let c = 36 + f. Is ((-6)/c)/(14/(-6741)) prime?
False
Let j(h) = -5688*h + 433. Is j(-19) prime?
False
Suppose 46442 = 2*o + 4*v, -12005 - 11213 = -o - 5*v. Is o prime?
False
Let g(m) = -13*m**2 - m. Let x be g(-1). Let k(n) = 7*n**2 - 30*n - 10. Let h(v) = 4*v**2 - 15*v - 5. Let w(p) = -5*h(p) + 3*k(p). Is w(x) prime?
False
Let p be -1 + -20*(-1)/2. Let u = p + 21. Suppose f - u = 8. Is f composite?
True
Suppose j = 2171 - 197. Suppose 7*c - j = c. Is c a prime number?
False
Let y be (1/(-3))/((-4)/(-2076)) + 0. Let v = y - -300. Is v composite?
False
Suppose 0*c + 4*c = -213964. Let d = c - -114742. Is d/45 - 4/30 composite?
False
Let q = 15 + -12. Suppose 2*b - 1686 = -4*h + 4*b, q*b + 434 = h. Is h composite?
False
Let d be (-2 - (-3455)/(-2))/(3/(-2)). Let r = d + -644. Is r a composite number?
False
Suppose -b + 4*b = 9*b. Suppose 3*h = 5*g - 36 + 4, 2*g - h = 12. Suppose 6*l - 4*l - g*m - 238 = b, -m = -4. Is l composite?
False
Suppose 2*o + 2*o = 348. Let p = o + 406. Is p a prime number?
False
Suppose 5*z - 5*s = 22320 + 6765, -20 = 5*s. Is z composite?
False
Let b = -21 + 39. Let u = b + -25. Let x(y) = -18*y + 1. Is x(u) prime?
True
Let h(q) = q**3 - 5*q**2 + 4*q - 1. Suppose -2*a - 5*a + 42 = 0. Is h(a) a prime number?
True
Suppose 3*j + 4 = r + 1, 3*j = -5*r + 15. Suppose x - 3*w + w - 8 = j, -15 = 5*w. Suppose x*d - 565 = d. Is d a composite number?
True
Let s = 3954 - 2672. Is s prime?
False
Suppose 2*v = 2*q + 2, 0 = q + 3*v - 5*v + 4. Let n(j) = 2 - 6 + 10*j**q + 3 + 0*j**2. Is n(3) a composite number?
False
Is -13378*((-8)/28)/(4/7) a prime number?
True
Let d be -8 + 3 + 2 + 3. Suppose -11*m + 4*m + 22589 = d. Is m a prime number?
False
Let k = 55 + -56. Is -4 + (k - 2) + 2102 composite?
True
Suppose -2*x - 573 = 223. Let n = 1197 + x. Is n composite?
True
Let h = 2211 - 1060. Is h composite?
False
Suppose 4*l + 5*h = 3757, -4*l + 16*h = 11*h - 3787. Is l a prime number?
False
Suppose -2*m + 847 = -217. Let n = m + -209. Is n a prime number?
False
Let a(k) = 40*k**2 - 37*k**2 - 19 - k + 0*k. Is a(10) composite?
False
Let j(u) = 6*u**2 + 2*u + 3. Let n be j(-2). Suppose -4*v = 3*i - n, i + 3 = 5*v - 2. Suppose 4*b + 3*g = g + 4038, v*b = g + 2025. Is b a prime number?
False
Let w(x) = -x**3 - 10*x**2 + 10*x - 2. Let r be w(-11). Suppose r + 0 = 3*p. Suppose 5*m - 555 = -p*y, 0 = 5*y - 3*m - 471 - 454. Is y prime?
False
Suppose 0 = -x - x - 5*o - 1, 5*x + o - 55 = 0. Suppose -4*u - x = 4*m, -u + 3 = 4*m - 0*u. Suppose -a = -m*a + 19. Is a a composite number?
False
Suppose -18*u + 15*u - 54658 = -5*m, -4*u - 32797 = -3*m. Is m composite?
True
Is (12/20)/(12/504380) a composite number?
False
Suppose n + 15 - 18 = 0. Suppose -n*t = -89 - 1312. Is t a prime number?
True
Suppose -z + 11218 = -3*f, 4*z + 5*f = -12220 + 57041. Is z a prime number?
False
Let x(v) = -v**3 + 8*v**2 + 3*v - 1. Let w be (0 - 0)/(17 + -21). Suppose -2*m = w, 2*b - 3*m - 27 = -11. Is x(b) prime?
True
Let x(t) = 26*t**2 + 17*t - 17. Is x(-10) prime?
False
Suppose -2*p + 12736 = 2*u - 0*u, -6365 = -p - 2*u. Is p a prime number?
False
Let c(n) = 31301*n**3 + n**2 + n. Is c(1) a prime number?
False
Is ((-122)/6 - -1)/((-320)/94560) a composite number?
True
Suppose 2*a - 4*l = -2 - 0, 5*l = 3*a. Suppose -a*o + 3575 = -290. Let c = o + -324. Is c a composite number?
False
Let g be 4 - 3*8/6. Suppose y - o - 4 = g, -2*y = 5*o + 14 + 6. Suppose -5*p + 2*p + 180 = 2*a, 4*a + 3*p - 354 = y. Is a prime?
False
Let x = -60 - -50. Let l(k) = 10*k**2 + 18*k + 31. Is l(x) a composite number?
True
Let i(x) = -8*x**3 - 2*x**2 + 2*x - 3. Let a be i(-4). Suppose 0 = 3*n + n - 16. Suppose n*l = -3*g + a, -l + 4*l = 2*g + 339. Is l a prime number?
False
Let q be (-27)/(-54) + 2/(-4). Suppose j - l - 517 = q, -2*j + 20 = 4*l - 1014. Is j prime?
False
Let g = -71 - -65. Is (633/g)/(0 - (-2)/(-8)) a composite number?
True
Suppose 0 = 9*j - 3*j - 18. Suppose -3*g - 865 + 227 = -4*k, j*k - 4*g - 475 = 0. Is k composite?
True
Let i be 32 + (1 - 5) - 4. Is (i - (4 - 1))/1 prime?
False
Let p(l) = -56*l**3 + 5 - 238*l**3 - 3 + 38*l**3 + l. Is p(-1) prime?
True
Suppose 5*o - 1535 = -7*y + 6*y, 4*y + o - 6140 = 0. Is y a prime number?
False
Suppose -60*a = -56*a - 40. Let u(o) = 2*o**2 + 15*o - 43. Is u(a) a composite number?
False
Let d = -2459 - -10528. Is d composite?
False
Suppose 283986 = 32*k + 49*k. Is k a prime number?
False
Suppose -360 = -55*h + 47*h. Suppose h*n - 52*n + 2345 = 0. Is n composite?
True
Let r = 274 - -1052. Let h = r - 349. Is h prime?
True
Is ((-13645)/2)/(-2 - (-9)/6) composite?
True
Let q = 4746 + 16231. Is q composite?
True
Let n(d) = 11*d**2 - 73*d - 23. Is n(17) a prime number?
False
Suppose 2*x - 13080 = -3*x - 5*f, -3*x = -5*f - 7888. Let j = x + -1552. Is j composite?
False
Let t(x) = x**3 + 22*x**2 + 42*x + 52. Let o be t(-20). Let g(b) be the second derivative of b**5/20 - 11*b**4/12 - b**3 + 17*b**2/2 + b. Is g(o) composite?
False
Let d = -2710 - -1120. Let l = d + 2257. Is l prime?
False
Let b = -6 + 11. Suppose -4*c + 12 = -b*p, -2*c + 1 + 5 = 2*p. Suppose c*g + z = 356, 3*g + 126 = 4*g + 4*z. Is g prime?
False
Let u be 1/4*4*-1. Let f(r) = 363*r**2 - 3*r - 4. Is f(u) composite?
True
Let p be 0 + (-12)/(-4) + 0. Suppose -2*y - p*g = 4 + 4, -3*g - 12 = 0. Suppose -5*r + 4*x = -499, -y*r + 198 = -0*r - 2*x. Is r composite?
False
Suppose -5*n = 6*f - 11*f + 1310, 5*f = -n + 1280. Is f a composite number?
False
Suppose 163*n = 159*n + 6756. Is n a prime number?
False
Suppose 2*c + 2 = 3*d + 1, -1 = -c. Let i be 0 - (d + -3 - 3). Suppose -i*h + 6*h - 22 = 0. Is h a prime number?
False
Suppose -u + 22322 = 3541. Is u a prime number?
False
Suppose -2*m = -m - 3. Let p(y) = 52*y + 4. Let u be p(m). Suppose -4*v + 588 + 59 = 5*z, v + 3*z - u = 0. Is v a prime number?
True
Suppose u - 2 = -u, m = -3*u + 6682. Is m a prime number?
True
Suppose -4*m - x = 3*x - 828, -5*x = 2*m - 429. Is m a prime number?
False
Is (-38 - -36120)/(2/1) a prime number?
True
Let o(z) = -z**2 - 4*z + 5. Let n